 the highest common factor of 2867 and 47?
47
What is the highest common factor of 28145 and 52?
13
Calculate the highest common divisor of 90 and 50.
10
Calculate the highest common divisor of 2718 and 24.
6
What is the highest common factor of 1 and 1?
1
What is the highest common factor of 41 and 4387?
41
Calculate the greatest common divisor of 90 and 5310.
90
Calculate the greatest common divisor of 120 and 45.
15
Calculate the highest common divisor of 493 and 51.
17
Calculate the greatest common divisor of 37 and 2146.
37
Calculate the highest common factor of 14346 and 18.
18
Calculate the greatest common divisor of 354 and 826.
118
What is the highest common factor of 648 and 45?
9
What is the highest common factor of 288 and 9?
9
What is the highest common divisor of 42 and 462?
42
What is the greatest common divisor of 640 and 380?
20
What is the highest common factor of 107 and 1?
1
What is the greatest common factor of 35 and 14035?
35
Calculate the highest common divisor of 18 and 423.
9
Calculate the highest common factor of 5986 and 2044.
146
Calculate the greatest common factor of 67 and 1675.
67
Calculate the greatest common factor of 12 and 11952.
12
What is the greatest common divisor of 46 and 299?
23
Calculate the greatest common divisor of 88 and 242.
22
What is the highest common factor of 26715 and 156?
39
Calculate the greatest common factor of 7470 and 90.
90
Calculate the highest common factor of 488 and 305.
61
What is the greatest common divisor of 2382 and 6?
6
What is the highest common factor of 58112 and 256?
256
What is the greatest common divisor of 78 and 72?
6
What is the greatest common divisor of 396 and 4014?
18
Calculate the highest common divisor of 2644 and 20.
4
Calculate the greatest common factor of 84 and 952.
28
Calculate the greatest common divisor of 1 and 1197.
1
What is the greatest common divisor of 57 and 9234?
57
What is the highest common factor of 17 and 6511?
17
What is the greatest common divisor of 1 and 3557?
1
What is the greatest common divisor of 28 and 2702?
14
What is the greatest common divisor of 210 and 1218?
42
Calculate the highest common factor of 2366 and 13.
13
What is the highest common divisor of 216 and 1908?
36
Calculate the greatest common divisor of 4121 and 65.
13
What is the highest common divisor of 640 and 1664?
128
Calculate the greatest common factor of 3660 and 122.
122
What is the greatest common divisor of 62 and 279?
31
What is the greatest common factor of 33462 and 396?
198
What is the greatest common factor of 75 and 175?
25
What is the greatest common factor of 27082 and 44?
22
What is the greatest common factor of 1763 and 172?
43
Calculate the highest common factor of 4186 and 46.
46
Calculate the highest common divisor of 315 and 189.
63
Calculate the greatest common factor of 18 and 774.
18
What is the highest common divisor of 14 and 22?
2
Calculate the highest common factor of 39 and 403.
13
What is the highest common divisor of 60 and 36?
12
Calculate the highest common divisor of 196 and 6419.
49
What is the greatest common divisor of 2212 and 11376?
316
What is the greatest common divisor of 22 and 11?
11
What is the highest common divisor of 3146 and 26?
26
Calculate the greatest common factor of 2104 and 24.
8
Calculate the highest common divisor of 512 and 896.
128
What is the highest common factor of 56 and 40?
8
Calculate the greatest common factor of 14 and 266.
14
What is the greatest common factor of 48 and 32?
16
Calculate the highest common divisor of 145376 and 16.
16
What is the highest common divisor of 420 and 6?
6
What is the greatest common divisor of 600 and 66?
6
What is the greatest common factor of 189 and 2247?
21
What is the highest common divisor of 30 and 240?
30
What is the highest common factor of 130 and 40?
10
Calculate the greatest common factor of 18 and 1548.
18
Calculate the highest common factor of 2316 and 12.
12
What is the highest common divisor of 1632 and 102?
102
Calculate the highest common divisor of 56 and 1064.
56
Calculate the highest common factor of 135 and 189.
27
Calculate the greatest common divisor of 81 and 1107.
27
Calculate the greatest common divisor of 2565 and 225.
45
Calculate the greatest common factor of 91 and 195.
13
What is the greatest common divisor of 22 and 704?
22
What is the highest common factor of 104 and 78?
26
Calculate the highest common factor of 2988 and 324.
36
What is the highest common divisor of 1524 and 24?
12
What is the greatest common divisor of 104 and 182?
26
Calculate the greatest common factor of 116 and 58.
58
Calculate the highest common divisor of 240 and 288.
48
Calculate the greatest common factor of 5550 and 30.
30
What is the highest common divisor of 9104 and 8?
8
Calculate the highest common factor of 120 and 3555.
15
What is the greatest common divisor of 3672 and 102?
102
Calculate the highest common factor of 370 and 10.
10
What is the greatest common factor of 12 and 2500?
4
Calculate the greatest common factor of 261 and 9.
9
Calculate the greatest common divisor of 580 and 464.
116
What is the greatest common factor of 66 and 3190?
22
Calculate the greatest common divisor of 62 and 1798.
62
What is the greatest common factor of 47 and 1?
1
Calculate the greatest common divisor of 450 and 36.
18
What is the highest common divisor of 1336 and 24?
8
What is the greatest common factor of 181 and 19729?
181
Calculate the highest common factor of 147 and 42.
21
What is the highest common factor of 2449 and 31?
31
Calculate the greatest common factor of 27175 and 25.
25
What is the greatest common divisor of 5 and 505?
5
Calculate the highest common factor of 223 and 42593.
223
What is the greatest common factor of 20 and 110?
10
Calculate the greatest common factor of 117 and 156.
39
Calculate the highest common factor of 9 and 558.
9
Calculate the greatest common divisor of 34 and 850.
34
What is the highest common divisor of 29 and 5539?
29
Calculate the greatest common divisor of 759 and 345.
69
What is the highest common divisor of 972 and 1188?
108
What is the greatest common divisor of 7622 and 74?
74
Calculate the highest common factor of 378 and 72.
18
Calculate the greatest common divisor of 12 and 384.
12
Calculate the greatest common factor of 63 and 24.
3
Calculate the highest common divisor of 310 and 62.
62
Calculate the highest common divisor of 14 and 371.
7
Calculate the highest common factor of 1235 and 520.
65
What is the highest common factor of 666 and 814?
74
What is the greatest common factor of 74 and 2405?
37
What is the greatest common divisor of 115 and 115?
115
Calculate the highest common factor of 136 and 16.
8
Calculate the highest common divisor of 333 and 63.
9
Calculate the greatest common factor of 452 and 4.
4
What is the greatest common factor of 7 and 3563?
7
Calculate the highest common divisor of 240 and 15.
15
What is the highest common factor of 65 and 65?
65
What is the greatest common divisor of 504 and 3276?
252
What is the highest common divisor of 36 and 10404?
36
Calculate the highest common factor of 4 and 32.
4
Calculate the highest common divisor of 224 and 10976.
224
What is the highest common factor of 1080 and 450?
90
What is the highest common factor of 8670 and 150?
30
Calculate the greatest common factor of 234 and 144.
18
Calculate the greatest common factor of 7124 and 1370.
274
Calculate the greatest common divisor of 1012 and 368.
92
Calculate the highest common factor of 2380 and 180.
20
What is the highest common factor of 1529 and 176?
11
Calculate the greatest common divisor of 63 and 483.
21
Calculate the highest common divisor of 25 and 27.
1
Calculate the greatest common factor of 1205 and 3133.
241
What is the greatest common divisor of 4 and 58?
2
What is the greatest common divisor of 4017 and 39?
39
What is the highest common divisor of 629 and 333?
37
Calculate the highest common factor of 33 and 297.
33
What is the highest common divisor of 6233 and 23?
23
Calculate the greatest common divisor of 3925 and 314.
157
What is the greatest common divisor of 104 and 41704?
104
Calculate the greatest common divisor of 176 and 198.
22
What is the greatest common factor of 483 a